ate the greatest common divisor of 5450229 and 5316.
1329
Calculate the greatest common divisor of 320748094 and 602.
86
Calculate the greatest common factor of 5 and 47266795.
5
What is the highest common divisor of 3677285 and 1233483?
5791
What is the greatest common divisor of 51636111 and 279?
93
What is the highest common factor of 132 and 14699652?
132
Calculate the highest common factor of 58453 and 389.
1
Calculate the highest common divisor of 917257 and 1.
1
Calculate the highest common divisor of 450043 and 11068189.
1793
Calculate the greatest common factor of 96 and 1429201824.
96
Calculate the highest common divisor of 196 and 47474.
14
What is the greatest common divisor of 77 and 98378?
7
What is the highest common divisor of 504 and 3243794652?
252
What is the highest common factor of 24 and 10650776?
8
What is the greatest common factor of 79786568 and 4?
4
Calculate the highest common divisor of 20200729 and 4.
1
Calculate the greatest common divisor of 4711938 and 112847.
2303
Calculate the greatest common divisor of 595087006 and 34.
34
What is the greatest common factor of 14 and 126225218?
14
Calculate the greatest common divisor of 2217 and 494081359.
739
What is the highest common factor of 6 and 102400638?
6
Calculate the greatest common factor of 10444 and 1568092.
1492
Calculate the greatest common divisor of 157374 and 1218.
42
Calculate the greatest common factor of 142032 and 3806528.
176
Calculate the greatest common divisor of 111815 and 39050.
55
What is the greatest common divisor of 330163760 and 5339?
5339
What is the greatest common divisor of 13538286 and 42?
6
What is the greatest common divisor of 269 and 201124037?
269
What is the greatest common divisor of 268 and 149475124?
268
What is the highest common factor of 226234470 and 3366?
1122
Calculate the highest common divisor of 130 and 546487045.
65
What is the greatest common divisor of 25686 and 1494?
18
Calculate the highest common divisor of 268475939 and 58.
29
Calculate the greatest common divisor of 51 and 21379625.
17
Calculate the greatest common factor of 5828 and 59350895.
1457
What is the highest common divisor of 27163473 and 18051?
1641
What is the highest common divisor of 102899 and 946?
43
Calculate the highest common divisor of 5 and 2855675.
5
Calculate the greatest common divisor of 33710 and 34421281.
3371
Calculate the highest common divisor of 4518128 and 14.
2
What is the greatest common factor of 148 and 9159958?
2
Calculate the highest common divisor of 31411939 and 26.
13
Calculate the highest common divisor of 112042 and 33019.
371
Calculate the highest common factor of 135980 and 70590.
130
What is the greatest common divisor of 7619276 and 5740?
1148
Calculate the greatest common divisor of 10549 and 155771.
77
Calculate the greatest common divisor of 7999969 and 270541.
551
What is the highest common divisor of 3955 and 110734463?
791
What is the greatest common factor of 251666 and 8832?
46
What is the greatest common divisor of 36553114 and 13?
13
Calculate the highest common factor of 4046 and 37138115.
119
What is the greatest common factor of 93822543 and 95013?
5589
What is the highest common factor of 584505 and 3627?
279
Calculate the greatest common factor of 182822002 and 61.
61
Calculate the greatest common factor of 1913095 and 1144165.
355
Calculate the greatest common factor of 14574 and 94206.
42
What is the greatest common factor of 224625 and 131387655?
8985
What is the highest common factor of 615 and 8531403?
123
Calculate the greatest common divisor of 693797162 and 1886.
1886
What is the greatest common divisor of 724450 and 50?
50
Calculate the highest common factor of 18 and 14258934.
18
What is the greatest common factor of 28821563 and 56753?
2987
What is the greatest common divisor of 377 and 594815143?
377
Calculate the highest common divisor of 1375 and 411625.
125
Calculate the greatest common factor of 1627077687 and 4929.
4929
What is the highest common divisor of 193274102 and 28?
14
Calculate the greatest common divisor of 1526 and 938407596.
1526
What is the highest common factor of 1012 and 6982294?
506
Calculate the greatest common factor of 175742973 and 1323.
189
What is the highest common factor of 4522 and 1186892?
266
Calculate the highest common divisor of 7352251 and 1.
1
Calculate the greatest common divisor of 134317731 and 51.
51
What is the greatest common divisor of 12806 and 1102?
38
What is the highest common divisor of 2 and 17760157?
1
What is the greatest common divisor of 63 and 419044689?
63
What is the highest common factor of 94314947 and 752?
47
Calculate the greatest common factor of 4223448 and 279.
9
What is the greatest common divisor of 1218 and 210511?
203
Calculate the highest common factor of 10452900 and 16700.
100
What is the greatest common divisor of 107619 and 10958583?
3711
Calculate the greatest common factor of 3548861 and 33278.
2377
What is the highest common factor of 295759459 and 32408?
4051
Calculate the highest common divisor of 126 and 33016851.
63
Calculate the greatest common factor of 18808070 and 90.
10
Calculate the highest common divisor of 56363190 and 845.
845
Calculate the highest common factor of 2698245 and 162459.
297
What is the highest common factor of 5724 and 4738518?
954
Calculate the greatest common divisor of 833976 and 36504.
2808
Calculate the greatest common divisor of 25701684 and 18.
6
What is the greatest common factor of 12 and 2952075?
3
What is the greatest common divisor of 123899820 and 3246?
3246
What is the greatest common factor of 3594150 and 2400?
150
Calculate the greatest common factor of 11296 and 312544.
32
Calculate the highest common divisor of 215 and 11699225.
215
Calculate the highest common factor of 445158 and 12726.
126
What is the greatest common factor of 12606 and 1900?
2
What is the highest common divisor of 1903 and 73030393?
173
Calculate the highest common divisor of 57350 and 5081950.
1850
Calculate the greatest common factor of 288599 and 1476.
41
What is the greatest common factor of 312 and 495928?
8
Calculate the greatest common factor of 62146007 and 917.
917
Calculate the greatest common factor of 209409 and 63075.
2523
Calculate the highest common factor of 988779 and 28158.
1083
What is the greatest common factor of 184077770 and 12260?
6130
What is the highest common factor of 4022 and 32741091?
2011
What is the greatest common divisor of 20560667 and 29563?
799
Calculate the greatest common divisor of 228515148 and 1542.
1542
What is the greatest common divisor of 3848 and 406861768?
296
Calculate the greatest common divisor of 29 and 227853319.
29
Calculate the greatest common divisor of 23344 and 129856.
16
Calculate the greatest common divisor of 1094 and 216322.
2
Calculate the greatest common divisor of 1375 and 1049070.
55
Calculate the greatest common factor of 518 and 1690570.
14
What is the greatest common factor of 81830 and 43610?
490
Calculate the greatest common factor of 2641 and 18546261.
19
Calculate the greatest common factor of 23449458 and 323.
19
Calculate the highest common factor of 55680 and 1590240.
480
Calculate the greatest common divisor of 107408 and 118094.
274
What is the greatest common divisor of 119694085 and 17885?
2555
Calculate the greatest common factor of 1113 and 2272587.
159
What is the highest common divisor of 28 and 4283688?
4
Calculate the highest common divisor of 19 and 1322975111.
19
Calculate the highest common divisor of 17196009 and 8214.
4107
Calculate the greatest common divisor of 42 and 65791558.
14
Calculate the greatest common divisor of 35 and 1313893.
7
What is the highest common factor of 13541841 and 2732?
683
Calculate the highest common divisor of 74273413 and 57.
19
Calculate the greatest common divisor of 488605 and 1365.
65
What is the highest common divisor of 82555 and 3602005?
4345
What is the greatest common divisor of 6724975 and 4975?
25
What is the greatest common divisor of 76899450 and 15?
15
What is the highest common factor of 1640 and 191740?
20
Calculate the highest common divisor of 4640 and 18826800.
2320
Calculate the greatest common factor of 5501746 and 1038.
346
Calculate the greatest co